
-287
Let f(x) = -854*x**2 - 9374*x + 11. Calculate f(-11).
-209
Let t(g) = 6*g**3 - 1455*g**2 - 3682*g + 1721. Give t(245).
6
Let k(c) = c**3 - 84*c**2 - 419*c - 173. Determine k(89).
2141
Let l(c) = c**3 - 95*c**2 + 712*c - 116. Determine l(8).
12
Let d(p) = -165*p + 1275. Give d(10).
-375
Let r(m) = -23*m**2 + 327*m + 1894. Determine r(-6).
-896
Let d(h) = -4018*h - 642872. What is d(-160)?
8
Let w(r) = -6*r**2 - 248*r + 3690. What is w(-53)?
-20
Let c(y) = -38*y**2 - 2017*y + 14138. Calculate c(7).
-1843
Let x(p) = 667*p - 186085. Determine x(279).
8
Let d(z) = -z**3 - 852*z**2 + 38486*z - 60. Calculate d(43).
-17
Let m(x) = -5*x**3 + 74*x**2 + 22*x + 148. What is m(15)?
253
Let m(x) = 2*x**2 + 1061*x - 256678. Calculate m(-711).
-7
Let x(t) = -t**3 - 5*t**2 - 66*t - 20. Determine x(-6).
412
Let n(u) = -2*u**3 + 323*u**2 + 1038*u + 19305. Determine n(165).
0
Let c(o) = 1101*o + 45907. Calculate c(-41).
766
Let t(s) = -38*s + 1242. Calculate t(20).
482
Let n(k) = k**2 - k + 79. Give n(0).
79
Let j(u) = -4*u**3 - 260*u**2 - 49*u - 261. Give j(-65).
2924
Let b(u) = -14*u**2 - 1663*u + 6655. What is b(4)?
-221
Let w(b) = -770*b**2 - 269496*b + 1396. What is w(-350)?
-4
Let c(k) = 3*k**2 - 2017*k + 18353. Give c(9).
443
Let n(g) = 21*g**3 + 357*g**2 + 15*g + 333. Calculate n(-17).
78
Let d(y) = 597*y - 130734. What is d(219)?
9
Let z(d) = d**2 - 31*d - 367. What is z(-9)?
-7
Let b(i) = 48214*i - 723355. Give b(15).
-145
Let r(w) = 46*w**2 - 12395*w + 5654. Calculate r(269).
5
Let v(z) = z**3 + 9*z**2 - 6565*z - 32907. Give v(-5).
18
Let p(w) = -5100*w + 1779911. Determine p(349).
11
Let u(b) = 2305*b**2 + 8561*b + 2. Calculate u(-4).
2638
Let l(c) = 18784*c + 75082. What is l(-4)?
-54
Let k(d) = 38*d**2 + 10213*d + 50107. Calculate k(-5).
-8
Let y(w) = 1578*w - 9580. What is y(7)?
1466
Let m(g) = 27*g**2 - 38*g - 148. What is m(3)?
-19
Let f(p) = p**3 + 5*p**2 - 398*p - 553. What is f(18)?
-265
Let m(j) = -3*j**2 + 2730*j + 22025. Calculate m(-8).
-7
Let n(f) = -291*f - 12424. What is n(-43)?
89
Let r(t) = t**3 - 223*t**2 - 3304*t - 3327. Calculate r(237).
-9
Let z(j) = -768*j + 44554. Calculate z(58).
10
Let u(y) = 799*y + 6100. Calculate u(-8).
-292
Let y(c) = c**3 - 147*c**2 + 433*c - 194. Give y(144).
-50
Let o(m) = m**3 + 35*m**2 - 1600*m - 769. Calculate o(-61).
85
Let m(k) = 159*k + 4092. Determine m(-30).
-678
Let s(f) = -8856*f - 88514. Give s(-10).
46
Let s(n) = -2*n**3 - 7*n**2 - 1294*n - 5154. Give s(-4).
38
Let v(w) = 3*w**3 - 61*w**2 + 305*w + 10. What is v(9)?
1
Let t(u) = -3*u**3 - 19*u**2 - 11*u - 195. What is t(8)?
-3035
Let n(o) = 10*o**3 - 3*o**2 - 6267*o + 6272. Calculate n(1).
12
Let n(r) = -23*r**3 - 57*r**2 + 172*r - 5. What is n(3)?
-623
Let k(b) = 31538*b - 4005290. Give k(127).
36
Let y(t) = -t**2 + 10502*t + 84090. Calculate y(-8).
10
Let r(y) = 5*y**2 + 104*y - 1031. Give r(-26).
-355
Let x(a) = -3097*a + 12407. Determine x(4).
19
Let f(x) = 51*x**2 - 7148*x + 1109. What is f(140)?
-11
Let r(w) = w**3 + 70*w**2 - 1238*w - 35026. What is r(-80)?
14
Let m(k) = 1362*k**2 + 618343*k - 2264. Determine m(-454).
6
Let c(w) = -w**2 - 280*w - 10070. Determine c(-42).
-74
Let b(k) = -86*k + 15909. Determine b(188).
-259
Let l(t) = -130*t**3 - 36400*t**2 + 4*t + 1157. Determine l(-280).
37
Let m(n) = 41678*n - 416789. What is m(10)?
-9
Let y(t) = 120*t + 148. What is y(6)?
868
Let l(a) = -6*a**3 + 107*a**2 - 191*a + 3753. Give l(18).
-9
Let n(y) = -4*y**2 - 687*y - 670. Give n(-171).
-157
Let n(r) = -2*r**2 - 253*r - 5755. Determine n(-95).
230
Let w(n) = -2*n**3 + 34*n**2 + 61153*n - 1100112. What is w(18)?
-6
Let f(h) = h**2 - 80533*h + 805276. Determine f(10).
46
Let i(a) = 2145*a - 126197. Calculate i(58).
-1787
Let y(r) = -48*r**2 + 393*r + 97. Calculate y(10).
-773
Let j(z) = 3*z**3 - 6*z**2 - 94*z + 103. What is j(7)?
180
Let x(v) = -v**3 + 135*v**2 - 247*v - 2272. What is x(133)?
255
Let k(d) = -185*d + 2731. Give k(13).
326
Let j(g) = 2289*g + 9823. Calculate j(-4).
667
Let l(i) = -2*i**2 + 366*i - 17. Calculate l(183).
-17
Let o(z) = -z**3 - 19*z**2 + 139*z + 1870. Give o(-21).
-167
Let g(t) = -12*t**2 + 13745*t - 41122. Determine g(3).
5
Let v(o) = 6*o**2 - 2487*o - 14873. What is v(-6)?
265
Let a(q) = -q**3 + 23*q**2 + 7*q - 1238. Determine a(23).
-1077
Let j(d) = 182850*d - 914278. Determine j(5).
-28
Let g(i) = -2*i**3 + 43*i**2 + 42*i - 964. Determine g(21).
359
Let i(t) = -t**3 + 10*t**2 - 16*t - 11. Calculate i(8).
-11
Let q(v) = 2*v**3 - 25*v**2 - 2*v - 102. Give q(12).
-270
Let q(s) = -2026*s - 273346. Calculate q(-135).
164
Let q(w) = -3*w**2 - 24546*w - 3377650. What is q(-140)?
-10
Let m(o) = -2*o**2 - 392*o - 10472. Determine m(-32).
24
Let s(m) = -978*m + 211203. Give s(216).
-45
Let n(m) = 3*m**3 - 53*m**2 + 36*m - 61. Calculate n(17).
-27
Let f(z) = 46253*z - 325266. What is f(7)?
-1495
Let m(r) = -r**3 - 12*r**2 - 74*r - 867. What is m(-11)?
-174
Let m(j) = -j**3 + 21*j**2 + 2626*j + 1251. Give m(63).
-9
Let m(h) = 20*h**3 - 1400*h**2 - 1659*h + 116146. What is m(70)?
16
Let k(p) = -299*p - 18233. Determine k(-61).
6
Let d(a) = 3*a**3 + a**2 + 1788*a + 10953. Calculate d(-6).
-387
Let j(u) = u**3 - 20*u**2 + 230*u - 6638. Determine j(23).
239
Let s(h) = -h**3 - 33*h**2 - 102*h - 2381. What is s(-32)?
-141
Let l(i) = i**2 + 445*i + 36170. What is l(-107)?
4
Let q(x) = -x**3 - 68*x**2 - 71*x - 4890. Give q(-68).
-62
Let y(z) = -2*z**2 + 14524*z - 1290980. What is y(90)?
-20
Let d(b) = 55912*b - 1006416. Determine d(18).
0
Let i(q) = 4*q**3 + 20*q**2 - q - 7. Determine i(-5).
-2
Let v(b) = 203*b + 134157. Determine v(-661).
-26
Let s(g) = 10*g**3 + 61*g**2 + 50*g + 269. Give s(-6).
5
Let u(k) = k**3 + 73*k**2 + 19*k + 1108. Calculate u(-73).
-279
Let y(v) = 10598*v + 370941. What is y(-35)?
11
Let s(j) = -2*j**2 - 141*j - 2063. Calculate s(-38).
407
Let o(c) = -3*c**2 - 1583*c - 10915. Calculate o(-7).
19
Let h(y) = y**3 - 43*y**2 + 168*y - 1890. What is h(40)?
30
Let k(b) = 2*b**3 - 406*b**2 - 4812*b + 22301. What is k(214)?
45
Let f(q) = -7*q**3 + 1374*q**2 - 388*q - 791. Determine f(196).
-7
Let x(o) = 743*o - 18592. Calculate x(25).
-17
Let j(b) = -6262*b + 256573. Determine j(41).
-169
Let t(c) = -2*c**2 - 274*c + 1223. Give t(-142).
-197
Let i(h) = 33765*h - 438978. Give i(13).
-33
Let v(g) = 81*g**3 - 27*g**2 + 76*g + 54. What is v(4)?
5110
Let k(q) = -16289*q - 1026221. Give k(-63).
-14
Let i(x) = 5*x**3 + 34*x**2 - 79*x - 332. Give i(-8).
-84
Let o(z) = -685263*z + 685267. Determine o(1).
4
Let s(g) = -6*g**3 - 50*g**2 + 13516*g + 108252. Determine s(-8).
-4
Let u(n) = -9064*n - 109044. Determine u(-12).
-276
Let w(x) = 3*x**3 + 611*x**2 + 3945*x + 1064. Give w(-197).
79
Let w(u) = 6*u**3 - 76*u**2 + 235*u + 16. Give w(6).
-14
Let h(p) = -82376*p - 824113. What is h(-10)?
-353
Let z(n) = -5091*n - 1542555. Calculate z(-303).
18
Let o(l) = -7*l**3 - 69*l**2 - 16*l + 13. What is o(-14)?
5921
Let l(k) = 12664*k + 88673. Determine l(-7).
25
Let b(k) = -k**3 + 235*k**2 - 2472*k + 86. Calculate b(11).
-2
Let m(i) = i**3 + 417*i**2 - 1471*i - 88804. Give m(-420).
-184
Let i(l) = -5923*l + 1498572. Calculate i(253).
53
Let m(b) = 158*b + 23. What is m(-5)?
-767
Let c(a) = 24*a**2 - 7045*a + 84579. What is c(281)?
-2
Let g(l) = l**3 + 8*l**2 - 5614*l - 11233. Calculate g(-2).
19
Let h(f) = -7728*f - 2874829. Calculate h(-372).
-13
Let a(x) = 1189*x + 4134. Calculate a(-3).
567
Let r(i) = i**2 - 1397*i + 132032. Calculate r(102).
-58
Let n(d) = 18*d**2 - 240*d - 152. What is n(16)?
616
Let k(n) = -516064*n - 26835332. What is k(-52)?
-4
Let i(c) = -c**3 - 176*c**2 + 716*c - 716. Give i(-180).
4
Let h(j) = -3*j**2 + 218*j - 2057. Give h(61).
78
Let b(f) = -19708*f - 216795. What is b(-11)?
-7
Let q(p) = 4370*p + 26427. What is q(-6)?
207
Let m(a) = -2*a**3 + 28*a**2 + 16*a + 24. Give m(15).
-186
Let k(c) = 1307*c - 248313. Calculate k(190).
17
Let f(d) = -130*d + 1249. What is f(-9)?
2419
Let j(o) = -860*o + 1497. Determine j(2).
-223
Let o(y) = y**3 - 113*y**2 + 594*y + 36. Determine o(6).
-252
Let k(f) = f**3 - 24*f**2 + 52979*f - 1111233. Determine k(21).
3
Let a(m) = -8142*m - 846762. Calculate a(-104).
6
Let i(p) = -p**3 + 65*p**2 - 698*p - 106. Calculate i(52).
-1250
Let i(g) = -6*g**3 + 53*g**